 is divided by j.
43
Suppose 73*b = -18*b + 18*b + 8249. Calculate the remainder when 166 is divided by b.
53
Suppose -u = -v + 44, -v - 2*u - 12 = -53. What is the remainder when 121 is divided by v?
35
Suppose 0 = -138*p + 28015 + 38363. Calculate the remainder when p is divided by 18.
13
Let d = 354 - 331. Suppose 4 = 3*i - d. What is the remainder when i is divided by 3?
0
Suppose -5*t + 97 = -83. Suppose 0 = 7*k - 16 - 5. Let f = k - -17. Calculate the remainder when t is divided by f.
16
Let j = 192 - 190. Suppose -3*u + 94 = j*d, 0 = -d - 3*u + 13 + 37. What is the remainder when d is divided by 6?
2
Let x(j) = 3*j + 11. Let n be x(7). What is the remainder when n/(-48) - 1140/(-9) is divided by 66?
60
Let g = 141 + -271. Suppose 4*q - 8 = 4. Calculate the remainder when ((-104)/g)/((0 + -2)/(-10)) is divided by q.
1
Suppose 13*c - 33*c = -700. What is the remainder when 209 is divided by c?
34
Suppose s + z = 23, 4*s + 52 - 139 = -5*z. Suppose 0*x + 2*x - 157 = -v, -5*x + 5*v = -355. What is the remainder when x is divided by s?
20
Suppose -5*s - 47 = 4*v, 2*v + 2 = s - v. Let r be s*(1 + 183/(-21)). Suppose n - r = -5*l + 8, 4*l = 4. What is the remainder when n is divided by 12?
9
Suppose 0 = 5*p + 2601 - 3021. What is the remainder when 1254 is divided by p?
78
Let k(c) = -18*c + 9. Let r be k(1). What is the remainder when (0 + r)/((-138)/1012) is divided by 17?
15
Let r(y) = 73*y + 4338. What is the remainder when 1549 is divided by r(-59)?
30
Let z(g) = g**2 - 8*g - 54. Let h be z(12). Calculate the remainder when 6 is divided by ((-12)/7)/(-1*h/(-21)).
0
Suppose w - 233 + 1183 = 3*u, -3*u = -5*w - 934. Suppose -44*d = -3*k - 48*d + 72, -4*k + 4*d + 152 = 0. What is the remainder when u is divided by k?
30
Let w be 1/(-5)*-1 + 210/(-50). Let b be (-5 - 22/w)*-20. Calculate the remainder when 39 is divided by 4/b*-10 - (-1 + -6).
6
Suppose 5*d - d = -y + 516, -5*y = 5*d - 630. What is the remainder when d is divided by 27?
22
Let c = 131 - 129. Suppose -5*s = -4*x - 269, -c*x = 5*s + 3*x - 305. Calculate the remainder when 94 is divided by s.
37
Let v(t) = -6*t**3 - 4*t**2 + t + 11. What is the remainder when (93/(-6))/((-33)/30 - -1) is divided by v(-2)?
32
Let g(s) = -s**3 + 20*s**2 + 89*s - 4. Suppose 4*k + 0*k = 48. Calculate the remainder when g(-4) is divided by k.
0
Suppose 231*o - 73771 = 109431 + 24698. What is the remainder when o is divided by 441?
18
Suppose -10*z - 3*q = -11*z - 2, 3*q - 54 = -3*z. What is the remainder when 576 is divided by z?
4
Suppose -4*o = 48*o - 12*o - 81520. What is the remainder when o is divided by 16?
6
Let g = 27 + 19. Suppose 0 = -d - d + g. What is the remainder when 190/14 - 78/6 - (-619)/7 is divided by d?
20
Let l(a) = 53*a + 13. Let n be l(7). Let o = 552 - n. Suppose 230 = 4*t - b, -5*b - o = -3*t - 2*b. Calculate the remainder when t is divided by 12.
10
Let y = 925 - 917. Suppose -2*q + 4*b = -6, 9*q + 2*b = y*q + 19. Calculate the remainder when 28 is divided by q.
6
Let y(q) = -5 - q**2 - 2 - 29*q - 6 + 7. What is the remainder when y(-27) is divided by 13?
9
Let u be 2 - 0 - (-11 - -10). Suppose -7*a - 49 = -u*w - 11*a, 4*w = -a + 48. What is the remainder when 130 is divided by w?
9
Let c = -50 - -50. Suppose -23*v - 12 + 426 = c. What is the remainder when 120 is divided by v?
12
Suppose 0 = -185*k + 92*k + 137*k - 880. Let h = 109 - 73. Calculate the remainder when h is divided by k.
16
Let s = 41831 + -41733. What is the remainder when s is divided by (5/4)/((-1)/(-12))?
8
Suppose -7*p - 8 = 48. Let v(d) = -d**2 - 10*d + 2. Calculate the remainder when 69 is divided by v(p).
15
Suppose 5*y - 19 + 4 = 0. Suppose 4*d = 2*o - y*o + 1457, -5*d + 1790 = -5*o. What is the remainder when d is divided by 92?
87
Let l be -2*2/10*(-270)/12. What is the remainder when 215 is divided by 6/l + 350/15?
23
Suppose -103*n + 72*n = -7285. Calculate the remainder when n is divided by 8.
3
Suppose -s - 4*k = -1846, 5*k = 3*s + 10*k - 5573. What is the remainder when s is divided by 23?
3
Let h = 13141 + -12745. Calculate the remainder when h is divided by 10.
6
Suppose -2*v + 37 = -5*h, 4*v - 21 = 2*h + 45. Suppose 0 = v*w - 6*w - 500. Suppose 2*d + w - 158 = 0. Calculate the remainder when d is divided by 10.
4
Let z be 6/4*32/(-3). Let k = z - -41. Let y(t) = 32*t - 17. What is the remainder when y(2) is divided by k?
22
What is the remainder when (1 - -12) + -4 + 463 is divided by 235?
2
Let b(n) = 2*n**2 - 15*n - 92. Let x = 202 + -207. Calculate the remainder when b(x) is divided by 1*(-1 + 1) + 9.
6
Suppose -7*d = -3*a + 116686 - 520558, 2*d - 4*a = 115392. What is the remainder when d is divided by 17?
15
Let g(y) = 32*y + 20. Let i(x) = 3*x + 1. Let l(q) = -3*g(q) + 30*i(q). Calculate the remainder when l(-11) is divided by 3.
0
Let n = -189 - -74. Let i = n - -171. What is the remainder when 220 is divided by i?
52
Suppose -5*g = -133*h + 132*h + 1518, -3*h - g = -4522. Calculate the remainder when h is divided by 752.
4
Suppose -5*h = 3*a - 8252 + 480, 5*a + 5 = 0. Calculate the remainder when h is divided by 20.
15
Suppose -3*y + 5*w - 10 = 2*y, -4*w + 4 = -2*y. What is the remainder when (-12)/(-8)*(7 - 1) is divided by ((-14)/4 - y)*(-112)/24?
2
Calculate the remainder when (-449692)/(-532) - (-24)/14 is divided by 17.
14
Suppose 4*i - 82 = 2*i. Suppose 0 = -5*s + 4*d - 11 + i, -3*s - 3*d - 9 = 0. Suppose s*o + 13 = 71. Calculate the remainder when o is divided by 8.
5
Let m(h) = -8*h**3 + 3 - 9*h**2 - 12*h - 8*h**3 + 15*h**3. Calculate the remainder when m(-8) is divided by (-40 + 2)*(-1)/2.
16
Suppose 1 = -5*a + 2*x, -1 = 3*x + 5. Let i(f) = -f + 3. Calculate the remainder when (-23)/a + -5 + 1 + -4 is divided by i(-3).
3
Let q = 16057 - 15658. Calculate the remainder when q is divided by 138.
123
Suppose -7*c - 4 = -18. Let s(j) = 32*j**3 + 4*j - 2. Calculate the remainder when s(c) is divided by 24.
22
Let x(a) = 3*a**3 + a**2 - 3*a + 4. Let u(r) = -160*r - 1458. What is the remainder when u(-16) is divided by x(3)?
82
Suppose 0 = 3*v + 4*u + 224, 0 = 2*v + 2*v + 5*u + 298. Let m = 17 - 113. Let k = v - m. What is the remainder when 44 is divided by k?
20
Suppose -4*o = -3*o - 2. Suppose 7*d - 116 = 66. What is the remainder when d is divided by ((-3)/4 + o)*8?
6
Suppose -2*i = -5*f - 3*i + 10347, 2*i - 4134 = -2*f. Calculate the remainder when 68 is divided by 1/(f/295 - 7).
9
Suppose 163*g + 2*g - 18349 = -146*g. Suppose -132 = -2*x + 4*m, 2*m + 32 - 134 = -2*x. What is the remainder when g is divided by x?
3
Suppose -2*v = -17*v - 2460. Let d be 41/v - (1 + 794/(-8)). Let x = d + -51. Calculate the remainder when x is divided by 12.
11
Suppose -507*q = -511*q + 92. Suppose 10*l - q = 117. What is the remainder when 69 is divided by l?
13
Suppose -2*m - 1472 = -2*f, 25*m - 30*m = -40. What is the remainder when f is divided by 148?
4
Suppose 0 = -5*u + 2*u + 3. Let q be (-6)/(75/(-65) + u). Suppose -2*t - q = -117. Calculate the remainder when t is divided by 7.
4
Suppose 0 = 15*q - 18*q - 36. Let s be (7348/q)/(-11) - 2/(-6). Suppose -34*t + 35*t = s. Calculate the remainder when t is divided by 19.
18
Suppose -15*l + 12516 = -5675 + 4121. What is the remainder when l is divided by 21?
14
Suppose 0 = 3*l + 2*l - 4*m - 124, -3*m + 93 = 4*l. Let d(c) = 9*c**2 + 2*c - 4. What is the remainder when d(2) is divided by l?
12
Suppose -d - 888 = -5*d. Let w = -122 + d. What is the remainder when w is divided by 2*(5/(-25) + (355/25 - 1))?
22
Suppose -w - 8*w + 3897 = 0. Let j(i) = 436 - w - i**2 - 4*i**2 - 4*i + 6*i**2. Calculate the remainder when 23 is divided by j(5).
7
Let u = 571 + -560. What is the remainder when 373 is divided by u?
10
Suppose -3*k + 28 = 10. What is the remainder when 2*-55*(-48)/160 is divided by k?
3
Let l(q) = -3*q**2 + 54*q + 6. Let g = -20 - -38. What is the remainder when 22 is divided by l(g)?
4
Let a be (-3)/(42/4) + (-444)/(-84). Suppose 4*s - 8 = -0*o + o, -2*s - 62 = a*o. Calculate the remainder when o/(4 - 8) - -10 is divided by 5.
3
Let c(z) = 3*z**2 - 46*z + 255. Calculate the remainder when 899 is divided by c(5).
99
Calculate the remainder when 759 is divided by 1677/(-86)*((-10)/5 - 0).
18
Suppose 5*s + 5*b = 525, 0 = -2*s + 6*b - 3*b